at is u(-4)?
7
Let d(z) = -z + 5. Calculate d(-2).
7
Let i(b) = -31*b - 1. Give i(-1).
30
Let d(r) = 11*r + 2. What is d(2)?
24
Let d(m) = m**2 + 73*m + 406. Determine d(-6).
4
Let c(f) = -47*f**2 - 4*f - 7. Give c(-2).
-187
Let s(z) = z - 11. What is s(8)?
-3
Let g(i) = -63*i + 69. Determine g(1).
6
Let l(w) = 34*w - 2. What is l(3)?
100
Let g(y) = -y**3 - 8*y**2 - 12*y + 8. What is g(-6)?
8
Let l(y) = 2*y**2 - 157*y - 742. Give l(83).
5
Let h(w) = -8*w - 3. Calculate h(-1).
5
Let o(j) = -j**3 + 8*j**2 - 8*j + 4. Give o(7).
-3
Let p(f) = f**2 + 3*f + 3. What is p(-5)?
13
Let u(k) = 3*k**2 - 6*k + 26. What is u(6)?
98
Let m(c) = -c**2 - c + 44. Determine m(-7).
2
Let p(s) = -s**2 - 2*s + 2. Determine p(-5).
-13
Let g(m) = -m**3 - 13*m**2 - 16*m + 64. Give g(-11).
-2
Let o(d) = -d + 1. Determine o(-2).
3
Let r(j) = -j**3 + 7*j**2 - 60*j + 264. Calculate r(5).
14
Let b(l) = 26*l - 173. Determine b(7).
9
Let x(i) = -14*i - 544. Determine x(-39).
2
Let f(i) = -i**3 - 18*i**2 - 9*i + 131. What is f(-17)?
-5
Let k(c) = -9*c + 43. Calculate k(4).
7
Let t(q) = 6*q**2 - 15*q + 2. What is t(3)?
11
Let q(t) = -t**2 + 54*t - 373. Determine q(46).
-5
Let o(q) = 4*q**3 - 3*q + 2. Determine o(1).
3
Let k(o) = 40*o + 207. Give k(-5).
7
Let n(m) = -m**3 + m**2 - 2*m + 18. What is n(3)?
-6
Let j(i) = -i**3 + 8*i**2 + 8*i + 8. Calculate j(9).
-1
Let g(n) = 2*n**2 + 6*n + 11. Calculate g(5).
91
Let h(l) = -l**3 - 6*l**2 - 2*l + 15. Determine h(-5).
0
Let o(g) = 2*g**3 + 2*g**2 - g + 2. Give o(-5).
-193
Let b(d) = -2*d**3 - d**2 - d - 1. What is b(2)?
-23
Let p(w) = -w - 1. Give p(4).
-5
Let a(c) = c**3 + 5*c**2 + 2*c - 7. Give a(-5).
-17
Let m(r) = -r**3 + 6*r**2 + 3*r + 14. What is m(7)?
-14
Let o(k) = -31*k**3 + 2*k + 1. Calculate o(-1).
30
Let m(v) = -15*v**3 - v**2 + v. Give m(1).
-15
Let v(c) = -2*c**3 - 3*c**2 - 3*c - 5. Determine v(-2).
5
Let w(h) = -18*h - 324. What is w(-18)?
0
Let s(t) = -t**3 - 13*t**2 + 19*t + 61. Determine s(-14).
-9
Let p(g) = 3*g**2 - 42*g + 43. Determine p(13).
4
Let m(l) = 13*l + 4. Calculate m(2).
30
Let q(i) = 9*i**2 + 11*i + 9. Determine q(-1).
7
Let o(n) = -8*n + 21. What is o(-2)?
37
Let y(k) = k**2 + 5*k - 45. Give y(4).
-9
Let c(d) = 5*d + 14. What is c(-7)?
-21
Let p(m) = 62*m + 119. Give p(-2).
-5
Let f(r) = 3*r**2 + 2*r. Give f(-1).
1
Let s(i) = -11*i - 3. Calculate s(4).
-47
Let c(y) = -y**2 + 12*y + 27. Give c(13).
14
Let t(p) = -p - 6. What is t(5)?
-11
Let o(v) = -37*v. What is o(1)?
-37
Let d(f) = f**3 - 12*f**2 + 11*f + 21. Determine d(9).
-123
Let w(p) = 7*p - 1. What is w(-6)?
-43
Let w(b) = -4*b - 10. Give w(2).
-18
Let u(b) = b**3 + 5*b**2 - 2*b - 3. Give u(-4).
21
Let l(j) = 2*j**3 - 24*j**2 - j + 15. What is l(12)?
3
Let c(s) = -s**2 - 3*s + 26. Give c(5).
-14
Let j(q) = q**3 - 27*q**2 + 28*q - 40. Calculate j(26).
12
Let i(z) = -z**3 + 3*z + 6. Give i(0).
6
Let s(d) = 9*d + 137. Determine s(-16).
-7
Let b(c) = -c**2 + 6*c - 6. Give b(6).
-6
Let d(h) = -2*h**2 + 10*h - 16. Determine d(4).
-8
Let t(y) = -7*y - 1. Give t(8).
-57
Let f(j) = j**2 - 7*j - 157. Calculate f(-9).
-13
Let o(w) = 2*w - 13. Determine o(7).
1
Let m(y) = -11*y**2 + 55*y - 7. What is m(5)?
-7
Let d(p) = -58*p**3 - p**2 - 2*p - 2. What is d(-1)?
57
Let i(t) = -55*t**3 + t**2. Determine i(1).
-54
Let q(b) = 4*b + 6. Calculate q(-5).
-14
Let d(x) = -x**2 + 23*x + 54. Calculate d(25).
4
Let s(v) = -13*v - 170. What is s(-12)?
-14
Let m(s) = -s**3 - 6*s**2 - 11*s - 10. Give m(-4).
2
Let p(s) = 8*s**2 + 5*s - 7. Calculate p(-3).
50
Let c(r) = r**2 + 2*r. Calculate c(-2).
0
Let z(d) = 21*d + 38. What is z(-7)?
-109
Let x(a) = 2*a**3 - 7*a**2 - 2*a + 2. Determine x(4).
10
Let y(o) = 2*o**2 + 3*o - 5. Give y(-4).
15
Let r(g) = 11*g - 2. Give r(-1).
-13
Let f(y) = -14*y**2 + y - 1. Calculate f(2).
-55
Let b(n) = -2*n**3 - 35*n**2 + 19*n + 26. Give b(-18).
8
Let f(m) = -15*m**2 + 2*m + 1. Give f(-1).
-16
Let k(a) = -a**3 - 9*a**2 + 2*a + 22. Give k(-9).
4
Let a(i) = i**3 + 16*i**2 + 3*i + 16. Determine a(-16).
-32
Let n(z) = 3*z + 24. What is n(7)?
45
Let a(o) = -5*o + 159. Calculate a(27).
24
Let h(i) = -4*i - 43. Give h(-10).
-3
Let m(p) = -p**3 - 30*p**2 + 29*p - 69. Calculate m(-31).
-7
Let a(q) = 21*q - 266. Calculate a(13).
7
Let l(c) = -22*c + 326. Calculate l(15).
-4
Let z(u) = 10*u + 15. Calculate z(-2).
-5
Let f(z) = 3*z - 5. What is f(-7)?
-26
Let w(f) = -f**3 - f**2 + 6*f - 6. What is w(0)?
-6
Let w(s) = -5*s**3 - 2*s**2 + s + 2. Give w(-1).
4
Let l(z) = z**3 + 4*z**2 - z + 5. What is l(-4)?
9
Let b(d) = -d**3 - 7*d**2 + 2*d + 3. Calculate b(-6).
-45
Let f(p) = p**3 + 2*p**2 - 4. Give f(0).
-4
Let y(z) = -z**3 + 12*z**2 + 15*z + 3. What is y(13)?
29
Let t(n) = -n**2 + 9*n + 15. Determine t(12).
-21
Let b(v) = -33*v - 1. Calculate b(1).
-34
Let m(f) = f**3 + 2*f**2 + 43*f + 132. Give m(-3).
-6
Let i(g) = g**3 - 14*g**2 - 13*g - 20. Determine i(15).
10
Let f(d) = -21*d**3 + 2*d**2 - 2. What is f(1)?
-21
Let u(p) = -2*p**3 - 4*p**2 - 4*p - 4. Calculate u(-3).
26
Let n(g) = 13*g**2 - g - 1. Give n(-1).
13
Let m(v) = -v**3 - 2*v**2 + v + 1. Determine m(-1).
-1
Let v(d) = -13*d**3 + d**2 - 4*d - 2. Give v(-2).
114
Let h(q) = -13*q - 95. What is h(-6)?
-17
Let u(n) = 4*n - 32. Determine u(10).
8
Let w(h) = h**3 + 9*h**2 + 3*h + 5. Calculate w(-8).
45
Let n(i) = 2*i**3 - 8*i**2 - 14*i + 61. Determine n(4).
5
Let g(b) = -283*b - 2552. Give g(-9).
-5
Let u(q) = q**3 - 6*q**2 + 2*q + 8. Calculate u(5).
-7
Let h(u) = u**3 - 9*u**2 - 5*u + 2. Determine h(10).
52
Let d(o) = o**3 - 7*o**2 + 7*o - 2. Calculate d(6).
4
Let r(m) = 73*m**2 - 149*m + 1. Give r(2).
-5
Let k(o) = -34*o - 82. What is k(-2)?
-14
Let h(k) = -3*k**2 + 11*k. Give h(5).
-20
Let o(b) = 6*b + 42. Determine o(7).
84
Let r(a) = -a**2 + 9*a + 74. Give r(13).
22
Let g(s) = 3*s**2 + 45*s + 29. Give g(-14).
-13
Let u(t) = -t**3 + 5*t**2 + 43*t - 228. What is u(7)?
-25
Let x(b) = 2*b - 61. What is x(30)?
-1
Let w(f) = -f**3 + 9*f**2 - 6*f + 3. Determine w(8).
19
Let c(j) = -111*j - 557. Determine c(-5).
-2
Let h(f) = f**3 - 9*f**2 + 7*f + 29. Give h(7).
-20
Let b(x) = -3*x**2 + 1. What is b(-1)?
-2
Let k(r) = 2*r**2 - 2*r + 2. Calculate k(-3).
26
Let b(p) = p**2 + 13*p + 63. Give b(-11).
41
Let c(m) = -m**2 + 11*m - 8. Determine c(8).
16
Let a(i) = i**2 + i - 4. Calculate a(-3).
2
Let p(a) = a**3 + 4*a**2 - a - 5. Give p(-2).
5
Let p(v) = -9*v - 5. Give p(-2).
13
Let y(f) = f**3 - 8*f**2 + 3*f - 4. What is y(8)?
20
Let x(r) = 24*r**2 + 2*r + 1. Determine x(1).
27
Let u(q) = q**3 + 5*q**2 - 2*q - 5. Determine u(-4).
19
Let r(k) = k**3 - 21*k**2 + 18*k - 6. Give r(20).
-46
Let p(r) = 8*r**2 - r + 1. Give p(1).
8
Let k(g) = -3*g**3 + g - 3. Calculate k(3).
-81
Let o(b) = -b**3 + b**2 - 3*b + 2. Determine o(1).
-1
Let b(l) = -17*l - 102. What is b(-7)?
17
Let k(c) = 2*c + 23. Give k(-10).
3
Let o(c) = 2*c + 13. Determine o(7).
27
Let j(g) = g**2 + 14*g + 22. Determine j(-13).
9
Let g(m) = 12*m**2 - m - 1. Calculate g(-1).
12
Let b(g) = -g**3 + 9*g**2 + 8*g + 10. Give b(10).
-10
Let t(l) = 4*l**2 + 20*l + 45. Calculate t(-3).
21
Let r(l) = -23*l + 15. What is r(1)?
-8
Let k(f) = -f**3 - 10*f**2 + 10*f - 2. Give k(-11).
9
Let u(a) = -3*a**2 - 3*a + 22. Determine u(3).
-14
Let b(i) = 2*i - 35. Determine b(8).
-19
Let t(i) = -i - 3. Give t(12).
-15
Let y(w) = -w**2 - 1. Give y(1).
-2
Let v(c) = -c**2 - 26*c - 87. What is v(-4)?
1
Let u(k) = -2*k**2 + 69*k - 430. Determine u(8).
-6
Let o(g) = g**2 - 4*g - 5. Give o(5).
0
Let w(d) = d**2 - 10*d - 20. Give w(10).
-20
Let o(c) = 22*c + 55. Calculate o(-3).
-11
Let o(y) = -y**3 + 25*y**2 + 27*y + 24. What is o(26)?
50
Let v(t) = -t**2 - 3*t + 8. Give v(3).
-10
Let t(l) = -l**3 - 7*l**2 - 7*l + 4. What is t(-4)?
-16
Let s(d) = 4*d - 10. Calculate s(2).
-2
Let b(u) = -29*u + 67. Calculate b(4).
-49
Let u(l) = -l + 8. Give u(28).
-20
Let a(j) = 8*j + 111. Calculate a(-15).
-9
Let j(t) = t**2 + 16*t + 54. Calculate j(-6).
-6
Let y(z) = z**2 - 42*z + 38. Determine y(41).
-3
Let d(q) = 2*q**3 + 19*q**2 + 9*q + 6. Give d(-9).
6
Let f(o) = -o - 7. What is f(3)?
-10
Let t(a) = -a**3 + 4*a**2 - a + 11. Calculate t(5).
-19
Let d(l) = -l**3 - 2*l**2 + l - 5. Calculate d(-3).
1
Let k(a) = a**2 + 8*a - 11. Determine k(-5).
-26
Let s(g) = -3*g**2 + 44*g + 10. Det